{"id":3552,"date":"2023-01-15T15:21:12","date_gmt":"2023-01-15T14:21:12","guid":{"rendered":"https:\/\/www.bvs-gms.de\/?page_id=3552"},"modified":"2024-11-25T11:13:58","modified_gmt":"2024-11-25T10:13:58","slug":"ganztag-johanniter","status":"publish","type":"page","link":"https:\/\/www.bvs-gms.de\/?page_id=3552","title":{"rendered":"Unser Ganztag &#8211; Sankt Josef stellt seine Arbeit vor"},"content":{"rendered":"\n<p>Schule ist nicht nur ein Lernort, sondern auch ein Ort der Entfaltung.<br>&nbsp;<br>Um den Schulalltag zu entschleunigen, bieten wir den Sch\u00fclerinnen und Sch\u00fclern mittwochs, direkt nach der Mittagspause einen Nachmittag mit Aktionsgruppen (AGs) an.<\/p>\n\n\n\n<p>Sie bekommen im Rahmen eines sinnvollen Gesamtkonzepts erg\u00e4nzende und spannende Angebote im k\u00fcnstlerischen, sportlichen, gestalterischen oder kulturellen Bereich.<\/p>\n\n\n\n<p>Dazu geh\u00f6ren Angebote wie Basteln, Malen, sportliche Aktivit\u00e4ten wie Fu\u00dfball, Box-Training oder Tanzen.<\/p>\n\n\n\n<p>Gemeinsames Backen und regelm\u00e4\u00dfige Ausfl\u00fcge zur Jugendfarm, um den Umgang mit Tieren zu erfahren oder ein Lagerfeuer zu machen, sind punktuell Bestandteile unserer abwechslungsreichen Nachmittage.<\/p>\n\n\n\n<p>Auch soziale Themen, wie Rundg\u00e4nge im n\u00e4heren Stadtbezirk zum Kennenlernen oder gar verbessern verschiedener Einrichtungen geh\u00f6ren zu unserem Angebot.<br>\u00a0<br>Wir betreuen Ihre Kinder au\u00dferdem w\u00e4hrend der Mittagspausen und beim gemeinsamen Essen in der Schulmensa.<br>\u00a0<br>Wir wirken zudem w\u00e4hrend des Unterrichts, im Tandem mit den Lehrkr\u00e4ften, mit.<br>\u00a0<br>Wir freuen uns, Ihre Kinder betreuen und unterst\u00fctzen zu d\u00fcrfen.<br>\u00a0<br>Ihr Sankt Josef-Team<\/p>\n\n\n\n<p><\/p>\n","protected":false},"excerpt":{"rendered":"<p>Schule ist nicht nur ein Lernort, sondern auch ein Ort der Entfaltung.&nbsp;Um den Schulalltag zu entschleunigen, bieten wir den Sch\u00fclerinnen und Sch\u00fclern mittwochs, direkt nach der Mittagspause einen Nachmittag mit Aktionsgruppen (AGs) an. Sie bekommen im Rahmen eines sinnvollen Gesamtkonzepts<\/p>\n","protected":false},"author":1,"featured_media":0,"parent":0,"menu_order":0,"comment_status":"closed","ping_status":"closed","template":"","meta":{"_monsterinsights_skip_tracking":false,"_monsterinsights_sitenote_active":false,"_monsterinsights_sitenote_note":"","_monsterinsights_sitenote_category":0,"footnotes":""},"class_list":["post-3552","page","type-page","status-publish","hentry"],"aioseo_notices":[],"_links":{"self":[{"href":"https:\/\/www.bvs-gms.de\/index.php?rest_route=\/wp\/v2\/pages\/3552","targetHints":{"allow":["GET"]}}],"collection":[{"href":"https:\/\/www.bvs-gms.de\/index.php?rest_route=\/wp\/v2\/pages"}],"about":[{"href":"https:\/\/www.bvs-gms.de\/index.php?rest_route=\/wp\/v2\/types\/page"}],"author":[{"embeddable":true,"href":"https:\/\/www.bvs-gms.de\/index.php?rest_route=\/wp\/v2\/users\/1"}],"replies":[{"embeddable":true,"href":"https:\/\/www.bvs-gms.de\/index.php?rest_route=%2Fwp%2Fv2%2Fcomments&post=3552"}],"version-history":[{"count":8,"href":"https:\/\/www.bvs-gms.de\/index.php?rest_route=\/wp\/v2\/pages\/3552\/revisions"}],"predecessor-version":[{"id":4002,"href":"https:\/\/www.bvs-gms.de\/index.php?rest_route=\/wp\/v2\/pages\/3552\/revisions\/4002"}],"wp:attachment":[{"href":"https:\/\/www.bvs-gms.de\/index.php?rest_route=%2Fwp%2Fv2%2Fmedia&parent=3552"}],"curies":[{"name":"wp","href":"https:\/\/api.w.org\/{rel}","templated":true}]}}