{"id":2752,"date":"2021-02-14T16:00:06","date_gmt":"2021-02-14T15:00:06","guid":{"rendered":"http:\/\/www.bvs-gms.de\/?page_id=2752"},"modified":"2021-11-05T13:02:09","modified_gmt":"2021-11-05T12:02:09","slug":"bertha-von-suttner","status":"publish","type":"page","link":"https:\/\/www.bvs-gms.de\/?page_id=2752","title":{"rendered":"Bertha-von-Suttner"},"content":{"rendered":"\n<figure class=\"wp-block-image size-large\"><img loading=\"lazy\" decoding=\"async\" width=\"823\" height=\"1024\" src=\"https:\/\/www.bvs-gms.de\/wp-content\/uploads\/2021\/02\/bertha_von_suttner-823x1024.png\" alt=\"\" class=\"wp-image-2760\" srcset=\"https:\/\/www.bvs-gms.de\/wp-content\/uploads\/2021\/02\/bertha_von_suttner-823x1024.png 823w, https:\/\/www.bvs-gms.de\/wp-content\/uploads\/2021\/02\/bertha_von_suttner-241x300.png 241w, https:\/\/www.bvs-gms.de\/wp-content\/uploads\/2021\/02\/bertha_von_suttner-768x955.png 768w, https:\/\/www.bvs-gms.de\/wp-content\/uploads\/2021\/02\/bertha_von_suttner.png 1157w\" sizes=\"auto, (max-width: 823px) 100vw, 823px\" \/><\/figure>\n\n\n\n<p><strong>Warum gerade Bertha-von-Suttner?<\/strong><\/p>\n\n\n\n<p>Wenn sich eine ganze Schulgemeinde auf die Suche nach einem Namen f\u00fcr die Schule macht, gibt es viele verschiedene Vorschl\u00e4ge, die darauf \u00fcberpr\u00fcft werden, ob sie zu dem passen, wof\u00fcr die Schulgemeinde eintreten m\u00f6chte.&nbsp; Nat\u00fcrlich kam Bertha von Suttner auf die Vorschlagslisten, weil die Sch\u00fcler den Namen von der Stra\u00dfe und der Haltestelle kennen.<\/p>\n\n\n\n<p>&nbsp;Aber als wir uns mit Leben und Werk der Bertha von Suttner besch\u00e4ftigten, stellten wir fest, dass sie uns auch heute noch einiges zu sagen hat.<\/p>\n\n\n\n<p>Sie lebte von 1843 bis 1914 und war mit dem Schriftsteller Freiherr Arthur von Suttner verheiratet. Auch Bertha begann zu schreiben und ihr Roman \u201eDie Waffen nieder\u201c, der 1889 erschien, wurde zum Welterfolg, \u2013 er wurde in 16 Sprachen \u00fcbersetzt, denn vor allem M\u00fctter und Ehefrauen verschlangen diese Kriegserkl\u00e4rung an den Krieg.<\/p>\n\n\n\n<p>Somit wurde Bertha von Suttner zu einer popul\u00e4ren Pers\u00f6nlichkeit, die Vortr\u00e4ge zum Pazifismus in der ganzen Welt hielt, Friedensappelle organisierte, Friedensvereine gr\u00fcndete und zur Solidarit\u00e4t der Nationen aufrief.<\/p>\n\n\n\n<p>Dieser Kampf f\u00fcr den Weltfrieden wurde 1905 mit der Verleihung des Friedensnobelpreises anerkannt.<\/p>\n\n\n\n<p>Bertha von Suttner musste zun\u00e4chst Schm\u00e4hungen und Verunglimpfungen durchstehen, denn Frauen hatten damals kein Wahlrecht und durften in der \u00d6ffentlichkeit keine Rolle spielen. Doch sie hat ihre Ziele konsequent verfolgt und ohne R\u00fccksicht auf Geschlecht, Schichtzugeh\u00f6rigkeit oder Nationalit\u00e4t ein modernes Menschenbild gepflegt. Sie demonstrierte damit ein Engagement f\u00fcr friedenserhaltende Zwecke, das auch (und gerade) heute w\u00fcnschenswert ist.<\/p>\n\n\n\n<p>Wie die Geschichte zeigt, konnte der Weltfrieden nicht erhalten werden. Um so wichtiger ist es, den Gedanken immer wieder zu unterst\u00fctzen und die Friedensdiskussionen lebendig zu erhalten. Und wo k\u00f6nnte man besser beginnen als in den Schulen?<\/p>\n\n\n\n<p>Hier muss der Friede gelebt werden im Ausgleich verschiedener Religionen und Nationalit\u00e4ten, Interessenlagen, Einzelschicksalen \u2026\u2026.<\/p>\n\n\n\n<p>Und unsere Jugend sollte f\u00fcr den Frieden im Kleinen eintreten, sonst hat der Weltfrieden keine Chance.<\/p>\n\n\n\n<p>Die Namensverleihung wurde mit einem Schulfest feierlich begangen am Montag, dem 21.07.2003.<\/p>\n","protected":false},"excerpt":{"rendered":"<p>Warum gerade Bertha-von-Suttner? Wenn sich eine ganze Schulgemeinde auf die Suche nach einem Namen f\u00fcr die Schule macht, gibt es viele verschiedene Vorschl\u00e4ge, die darauf \u00fcberpr\u00fcft werden, ob sie zu dem passen, wof\u00fcr die Schulgemeinde eintreten m\u00f6chte.&nbsp; Nat\u00fcrlich kam Bertha<\/p>\n","protected":false},"author":1,"featured_media":0,"parent":0,"menu_order":0,"comment_status":"closed","ping_status":"closed","template":"","meta":{"_monsterinsights_skip_tracking":false,"_monsterinsights_sitenote_active":false,"_monsterinsights_sitenote_note":"","_monsterinsights_sitenote_category":0,"footnotes":""},"class_list":["post-2752","page","type-page","status-publish","hentry"],"aioseo_notices":[],"_links":{"self":[{"href":"https:\/\/www.bvs-gms.de\/index.php?rest_route=\/wp\/v2\/pages\/2752","targetHints":{"allow":["GET"]}}],"collection":[{"href":"https:\/\/www.bvs-gms.de\/index.php?rest_route=\/wp\/v2\/pages"}],"about":[{"href":"https:\/\/www.bvs-gms.de\/index.php?rest_route=\/wp\/v2\/types\/page"}],"author":[{"embeddable":true,"href":"https:\/\/www.bvs-gms.de\/index.php?rest_route=\/wp\/v2\/users\/1"}],"replies":[{"embeddable":true,"href":"https:\/\/www.bvs-gms.de\/index.php?rest_route=%2Fwp%2Fv2%2Fcomments&post=2752"}],"version-history":[{"count":3,"href":"https:\/\/www.bvs-gms.de\/index.php?rest_route=\/wp\/v2\/pages\/2752\/revisions"}],"predecessor-version":[{"id":3216,"href":"https:\/\/www.bvs-gms.de\/index.php?rest_route=\/wp\/v2\/pages\/2752\/revisions\/3216"}],"wp:attachment":[{"href":"https:\/\/www.bvs-gms.de\/index.php?rest_route=%2Fwp%2Fv2%2Fmedia&parent=2752"}],"curies":[{"name":"wp","href":"https:\/\/api.w.org\/{rel}","templated":true}]}}