{"id":2705,"date":"2021-02-14T15:10:47","date_gmt":"2021-02-14T14:10:47","guid":{"rendered":"http:\/\/www.bvs-gms.de\/?page_id=2705"},"modified":"2021-02-14T17:50:23","modified_gmt":"2021-02-14T16:50:23","slug":"ms-teams","status":"publish","type":"page","link":"https:\/\/www.bvs-gms.de\/?page_id=2705","title":{"rendered":"MS-Teams"},"content":{"rendered":"\n<h1 class=\"wp-block-heading\"><\/h1>\n\n\n\n<p><\/p>\n\n\n\n<h3 class=\"wp-block-heading\" id=\"block-be081dc8-140c-44e1-8ff4-308c049b9cd3\">Link zu &#8222;Microsoft Teams&#8220;:<\/h3>\n\n\n\n<p><a href=\"https:\/\/www.microsoft.com\/de-de\/microsoft-365\/microsoft-teams\/group-chat-software\">https:\/\/www.microsoft.com\/de-de\/microsoft-365\/microsoft-teams\/group-chat-software<\/a><\/p>\n\n\n\n<h3 class=\"wp-block-heading\" id=\"block-a93b2582-1901-45d4-aec1-20dcc0b3b4cb\">Videos f\u00fcr den Einstieg:<\/h3>\n\n\n\n<p id=\"block-7e98672d-695d-4d47-a1c2-4d26a696376d\">Anmeldung und Office: <a rel=\"noreferrer noopener\" href=\"https:\/\/www.youtube.com\/watch?v=EwsbNrRYCdg&amp;feature=youtu.be\" target=\"_blank\">https:\/\/www.youtube.com\/watch?v=EwsbNrRYCdg&amp;feature=youtu.be<\/a><\/p>\n\n\n\n<p id=\"block-fa79d386-820e-4409-a908-0f878e97974d\">Aufgaben bearbeiten und mehr: <a rel=\"noreferrer noopener\" href=\"https:\/\/www.youtube.com\/watch?v=1FhWX6KwpJE&amp;feature=youtu.be\" target=\"_blank\">https:\/\/www.youtube.com\/watch?v=1FhWX6KwpJE&amp;feature=youtu.be<\/a><\/p>\n\n\n\n<h3 class=\"wp-block-heading\" id=\"block-6fca7b7f-aab4-4f9d-a199-141609cbafee\">Informationen f\u00fcr Benutzer mobiler Endger\u00e4te (Tablets und Smartphones) und Apple-Produkten<\/h3>\n\n\n\n<p id=\"block-6e09522d-4f3e-439e-b9e9-a72bb6f0fcaf\">Wir empfehlen zur Arbeit einen PC. Bitte beachte folgende Punkte, falls du keinen PC zur Verf\u00fcgung hast und mit mobilen Endger\u00e4ten oder Apple-Produkten arbeitest:<\/p>\n\n\n\n<ul class=\"wp-block-list\" id=\"block-1bdec6fe-4eaf-4f9a-8e90-c81b8e3cec90\"><li>Auf mobilen Endger\u00e4ten muss die Apps von Microsoft Teams heruntergeladen werden. Da es auf auf diesen Ger\u00e4ten in der&nbsp; &#8222;Teams&#8220;-App keine integrierte Office-L\u00f6sung gibt (wie es in den Videos auf dem PC zu sehen ist), m\u00fcssen hier die einzelnen Office-Apps (z.B. Word, PowerPoint, etc.) einzeln aus dem App-Store heruntergeladen werden. Zum Anmelden in diesem Apps gelten die selben Login-Daten, wie auch bei &#8222;Teams&#8220;.<\/li><li>Eine Online-Anmeldung bei Teams im Browser, wie es in den Videos zu sehen ist, ist auf mobilen Endger\u00e4ten in der Regel nicht m\u00f6glich. Daher muss hier wieder auf die MS-Teams und MS-Office Apps verwiesen werden.<\/li><li>Nutzer eines MacBooks oder iMacs sollten als Browser Firefox oder Google Chrome installieren, da der Safari-Browser Probleme mit der Online-Version von MS-Teams bereiten kann.<\/li><\/ul>\n\n\n\n<h3 class=\"wp-block-heading\" id=\"block-63c81687-0401-4526-afed-3047a1f6b6ca\">FAQ:<\/h3>\n\n\n\n<p id=\"block-f753f7f6-2f63-497b-815b-00a9166545c1\">F: Wie komme ich auf die Anmeldeseite von &#8222;Microsoft Teams&#8220;?<\/p>\n\n\n\n<p id=\"block-f13cd84c-3cb3-47f2-838d-1a692d00ebe6\">A: Die Startseite lautet: <a rel=\"noreferrer noopener\" href=\"https:\/\/www.microsoft.com\/de-de\/microsoft-365\/microsoft-teams\/group-chat-software\" target=\"_blank\">https:\/\/www.microsoft.com\/de-de\/microsoft-365\/microsoft-teams\/group-chat-software<\/a><\/p>\n\n\n\n<p id=\"block-92d780d7-5215-45d1-9219-80a99ef677e4\">F: Woher bekomme ich meine Login-Daten?<\/p>\n\n\n\n<p id=\"block-7f8bfca9-38a5-4403-97d1-c3156377a58b\">A: Du bekommst deine Login-Daten direkt vom Klassenlehrer. Schreibe Ihn\/Sie an unter <em>n&#97;&#99;&#x68;&#x6e;am&#101;&#64;&#x62;&#x76;s-&#103;&#109;&#x73;&#x2e;de<\/em><\/p>\n\n\n\n<p id=\"block-1c9d95f8-def3-4bf9-9b50-2f8c73426f0d\">F: Ist Mircosoft Teams DSGVO-Konform.<\/p>\n\n\n\n<p id=\"block-1ca038f7-46a3-4b7a-87fe-c926f6313b1b\">A: Ja, ist es. N\u00e4here Informationen finden Sie hier: <a rel=\"noreferrer noopener\" href=\"https:\/\/support.office.com\/de-de\/article\/datenschutzgrundverordnung-dsgv-und-teams-free-bdf2e378-da6b-48d9-a13d-44917c6ee90a\" target=\"_blank\">https:\/\/support.office.com\/de-de\/article\/datenschutzgrundverordnung-dsgv-und-teams-free-bdf2e378-da6b-48d9-a13d-44917c6ee90a<\/a><\/p>\n\n\n\n<p id=\"block-6403919e-5184-46c2-a31c-627c35c78011\">F: Ich habe mein Login-Passwort f\u00fcr &#8222;Teams&#8220; vergessen. Wie bekomme ich ein Neues?<\/p>\n\n\n\n<p id=\"block-ccd1fb99-c2b7-4013-a843-241c1804fdf5\">A: Es ist wichtig, dass du ein Passwort w\u00e4hlst, dass du dir gut merken kannst. Wende dich an deine\/n Klassenlehrer\/in, um ein neues Passwort zu bekommen. Auch hier gilt Mail an <em>&#x6e;&#x61;&#99;&#104;n&#x61;&#x6d;&#x65;&#64;&#98;v&#x73;&#x2d;&#x67;&#109;&#115;&#46;&#x64;&#x65;<\/em><\/p>\n\n\n\n<p id=\"block-f3dc84ee-9fa8-4f04-9975-f1ca3d66244c\">Dein\/e Klassenlehrer\/in wird dir dann ein neues tempor\u00e4res Passwort zukommen lassen. Du wirst dieses nach dem Einloggen \u00e4ndern m\u00fcssen.<\/p>\n\n\n\n<p id=\"block-b3f698d3-0ca0-450c-b504-2d68c82d8b5f\">F: Ich habe kein Ger\u00e4t, mit dem ich auf &#8222;Teams&#8220; arbeiten kann. Bzw. ist es kaum M\u00f6glich damit gut zu arbeiten. Was kann ich tun?<\/p>\n\n\n\n<p id=\"block-e7272124-9987-470d-8147-38d0d5a2400e\">A: Wende dich an deinen Klassenlehrer\/in. Es gibt evtl. die M\u00f6glichkeit ein Ger\u00e4t auszuleihen.<\/p>\n\n\n\n<p id=\"block-c63d95ff-8526-4059-bc69-cc8b87419fc8\">F: Haben die Lehrer einen Einblick in die Nachrichten und Mails, die ich auf &#8222;Teams&#8220; verschicke und erhalte.<\/p>\n\n\n\n<p id=\"block-d0eefe21-3a73-4e4a-acbd-004fd01dd452\">A: Ja, die Schule hat die M\u00f6glichkeit auf interne Nachrichten und Mails zuzugreifen. Dies wird allerdings nur im Falle eines Missbrauchs der Mail- und Nachrichtenfunktionen geschehen.<\/p>\n","protected":false},"excerpt":{"rendered":"<p>Link zu &#8222;Microsoft Teams&#8220;: https:\/\/www.microsoft.com\/de-de\/microsoft-365\/microsoft-teams\/group-chat-software Videos f\u00fcr den Einstieg: Anmeldung und Office: https:\/\/www.youtube.com\/watch?v=EwsbNrRYCdg&amp;feature=youtu.be Aufgaben bearbeiten und mehr: https:\/\/www.youtube.com\/watch?v=1FhWX6KwpJE&amp;feature=youtu.be Informationen f\u00fcr Benutzer mobiler Endger\u00e4te (Tablets und Smartphones) und Apple-Produkten Wir empfehlen zur Arbeit einen PC. Bitte beachte folgende Punkte, falls du<\/p>\n","protected":false},"author":1,"featured_media":0,"parent":0,"menu_order":0,"comment_status":"closed","ping_status":"closed","template":"","meta":{"_monsterinsights_skip_tracking":false,"_monsterinsights_sitenote_active":false,"_monsterinsights_sitenote_note":"","_monsterinsights_sitenote_category":0,"footnotes":""},"class_list":["post-2705","page","type-page","status-publish","hentry"],"aioseo_notices":[],"_links":{"self":[{"href":"https:\/\/www.bvs-gms.de\/index.php?rest_route=\/wp\/v2\/pages\/2705","targetHints":{"allow":["GET"]}}],"collection":[{"href":"https:\/\/www.bvs-gms.de\/index.php?rest_route=\/wp\/v2\/pages"}],"about":[{"href":"https:\/\/www.bvs-gms.de\/index.php?rest_route=\/wp\/v2\/types\/page"}],"author":[{"embeddable":true,"href":"https:\/\/www.bvs-gms.de\/index.php?rest_route=\/wp\/v2\/users\/1"}],"replies":[{"embeddable":true,"href":"https:\/\/www.bvs-gms.de\/index.php?rest_route=%2Fwp%2Fv2%2Fcomments&post=2705"}],"version-history":[{"count":4,"href":"https:\/\/www.bvs-gms.de\/index.php?rest_route=\/wp\/v2\/pages\/2705\/revisions"}],"predecessor-version":[{"id":2805,"href":"https:\/\/www.bvs-gms.de\/index.php?rest_route=\/wp\/v2\/pages\/2705\/revisions\/2805"}],"wp:attachment":[{"href":"https:\/\/www.bvs-gms.de\/index.php?rest_route=%2Fwp%2Fv2%2Fmedia&parent=2705"}],"curies":[{"name":"wp","href":"https:\/\/api.w.org\/{rel}","templated":true}]}}