{"id":249,"date":"2018-03-01T16:02:27","date_gmt":"2018-03-01T15:02:27","guid":{"rendered":"https:\/\/berthavonsuttner.wordpress.com\/?page_id=249"},"modified":"2018-03-01T16:02:27","modified_gmt":"2018-03-01T15:02:27","slug":"gemeinschaftsschule","status":"publish","type":"page","link":"https:\/\/www.bvs-gms.de\/?page_id=249","title":{"rendered":"Gemeinschaftsschule"},"content":{"rendered":"<p style=\"text-align:justify;\"><strong>Die Gemeinschaftsschule ist eine leistungsorientierte Schule, die Kinder und Jugendliche mit unterschiedlichen Begabungen f\u00f6rdert. Alle Sch\u00fclerinnen und Sch\u00fcler lernen gemeinsam.<\/strong><\/p>\n<p>Weitere Infos finden Sie hier:<\/p>\n<p><a href=\"http:\/\/km-bw.de\/Gemeinschaftsschule\" target=\"_blank\" rel=\"noopener\">http:\/\/km-bw.de\/Gemeinschaftsschule<\/a><\/p>\n<p>Ein <strong>FAQ<\/strong> zur GMS finden Sie hier:<\/p>\n<p><a href=\"https:\/\/www.baden-wuerttemberg.de\/de\/bw-gestalten\/schlaues-baden-wuerttemberg\/schule\/gemeinschaftsschule-faq\/\" target=\"_blank\" rel=\"noopener\">https:\/\/www.baden-wuerttemberg.de\/de\/bw-gestalten\/schlaues-baden-wuerttemberg\/schule\/gemeinschaftsschule-faq\/<\/a><\/p>\n<p>&nbsp;<\/p>\n","protected":false},"excerpt":{"rendered":"<p>Die Gemeinschaftsschule ist eine leistungsorientierte Schule, die Kinder und Jugendliche mit unterschiedlichen Begabungen f\u00f6rdert. Alle Sch\u00fclerinnen und Sch\u00fcler lernen gemeinsam. Weitere Infos finden Sie hier: http:\/\/km-bw.de\/Gemeinschaftsschule Ein FAQ zur GMS finden Sie hier: https:\/\/www.baden-wuerttemberg.de\/de\/bw-gestalten\/schlaues-baden-wuerttemberg\/schule\/gemeinschaftsschule-faq\/ &nbsp;<\/p>\n","protected":false},"author":1,"featured_media":0,"parent":0,"menu_order":0,"comment_status":"closed","ping_status":"closed","template":"","meta":{"_monsterinsights_skip_tracking":false,"_monsterinsights_sitenote_active":false,"_monsterinsights_sitenote_note":"","_monsterinsights_sitenote_category":0,"footnotes":""},"class_list":["post-249","page","type-page","status-publish","hentry"],"aioseo_notices":[],"_links":{"self":[{"href":"https:\/\/www.bvs-gms.de\/index.php?rest_route=\/wp\/v2\/pages\/249","targetHints":{"allow":["GET"]}}],"collection":[{"href":"https:\/\/www.bvs-gms.de\/index.php?rest_route=\/wp\/v2\/pages"}],"about":[{"href":"https:\/\/www.bvs-gms.de\/index.php?rest_route=\/wp\/v2\/types\/page"}],"author":[{"embeddable":true,"href":"https:\/\/www.bvs-gms.de\/index.php?rest_route=\/wp\/v2\/users\/1"}],"replies":[{"embeddable":true,"href":"https:\/\/www.bvs-gms.de\/index.php?rest_route=%2Fwp%2Fv2%2Fcomments&post=249"}],"version-history":[{"count":0,"href":"https:\/\/www.bvs-gms.de\/index.php?rest_route=\/wp\/v2\/pages\/249\/revisions"}],"wp:attachment":[{"href":"https:\/\/www.bvs-gms.de\/index.php?rest_route=%2Fwp%2Fv2%2Fmedia&parent=249"}],"curies":[{"name":"wp","href":"https:\/\/api.w.org\/{rel}","templated":true}]}}