{"id":1191,"date":"2019-11-10T20:55:44","date_gmt":"2019-11-10T19:55:44","guid":{"rendered":"https:\/\/berthavonsuttner.wordpress.com\/?page_id=1191"},"modified":"2019-11-10T20:55:44","modified_gmt":"2019-11-10T19:55:44","slug":"lebendige-geschichte","status":"publish","type":"page","link":"https:\/\/www.bvs-gms.de\/?page_id=1191","title":{"rendered":"Lebendige Geschichte"},"content":{"rendered":"<h1 style=\"text-align:left;\"><strong>Theaterprojekt in Zuffenhausen<\/strong><\/h1>\n<p><a href=\"http:\/\/www.bvs-gms.de\/wp-content\/uploads\/2019\/05\/att852cw.pdf\" target=\"_blank\" rel=\"noopener\"><img loading=\"lazy\" decoding=\"async\" class=\"  wp-image-1115 aligncenter\" src=\"http:\/\/www.bvs-gms.de\/wp-content\/uploads\/2019\/05\/unbenannt-2.jpg\" alt=\"Unbenannt-2\" width=\"377\" height=\"535\" srcset=\"https:\/\/www.bvs-gms.de\/wp-content\/uploads\/2019\/05\/unbenannt-2.jpg 594w, https:\/\/www.bvs-gms.de\/wp-content\/uploads\/2019\/05\/unbenannt-2-211x300.jpg 211w\" sizes=\"auto, (max-width: 377px) 100vw, 377px\" \/><\/a><\/p>\n\n\n<p style=\"font-size:26px;line-height:1.5;\"><strong>Stolpersteinverlegung f\u00fcr Familie Feigenbaum<\/strong><\/p>\n\n\n\n<p>Stolpersteinverlegung f\u00fcr die Familie Feigenbaum<\/p>\n\n\n\n<p>Am 4.11.2019 wurden f\u00fcr die Familie Feigenbaum Stolpersteine in der Franklinstra\u00dfe 24 verlegt. Herr und Frau M\u00f6ller von der Zukunftswerkstatt Zuffenhausen e.V. baten uns darum am Rahmenprogramm der Stolpersteinverlegung teilzunehmen und etwas zum Thema Deportation beizutragen, da die Familie Feigenbaum diese unmenschliche Tat durchstehen musste.<\/p>\n\n\n\n<p>Dies war f\u00fcr die 9. Klassen der BvS erst mal eine gro\u00dfe Aufgabe: Was hei\u00dft es deportiert zu werden? Wie k\u00f6nnen wir diesen abscheulichen Vorgang nachvollziehen und die Gef\u00fchle, die die Menschen dabei empfanden verstehen, um dar\u00fcber zu berichten?<\/p>\n\n\n\n<p>Die Antworten zu diesen Fragen war ein Experiment. Wir wagten gemeinsam mit unserem Schulleiter, Hr. Emeling, Sch\u00fclerinnen und Sch\u00fcler aus der Klasse 7c \u201eabzuschieben\u201c. Hr. Emeling wurde von uns gebeten, in die Klasse zu gehen und ohne einen Grund zu nennen, vier willk\u00fcrlich gew\u00e4hlte Sch\u00fclerinnen und Sch\u00fcler vom Schulgel\u00e4nde zu verweisen und von der Schule auszuschlie\u00dfen. Die Klasse wurde nicht gewarnt und waren entsprechend v\u00f6llig \u00fcberrascht, als Hr. Emeling in der Klasse erschien und die Sch\u00fclerInnen mitnahm.<\/p>\n\n\n\n<p>Wir hatten nicht erwartet, dass die Sch\u00fclerInnen uns mit solch intensiven Reaktionen und Gef\u00fchlen entgegnen w\u00fcrden. Sie waren v\u00f6llig fassungslos, schockiert, traurig und be\u00e4ngstigt. Sie f\u00fchlten sich gedem\u00fctigt und hilflos. Einerseits erwarteten sie Hilfe von ihren Mitsch\u00fclerinnen und Mitsch\u00fclern, andererseits konnten sie verstehen, wieso keiner eingreifen konnte und wollte. Die Mitsch\u00fclerInnen mussten sich die \u201eAbschiebung\u201c ohnm\u00e4chtig mitansehen und f\u00fchlten Frust und Wut. Auch f\u00fcr Hr. Emeling war das Experiment sehr emotional und kostete viel \u00dcberwindung.<\/p>\n\n\n\n<p>Unser Fazit: Eine Deportation ist f\u00fcr alle Beteiligten ein emotional sehr traumatisches Ereignis, wovon man sich kaum erholen kann. So ein kurzes Experiment, das nicht ansatzweise an die Gr\u00e4ueltaten der Nazis herankommt, lehrte uns eindrucksvoll dar\u00fcber, wie es den Opfern des NS, v.a. der Familie Feigenbaum ergehen musste. Deshalb warnen und mahnen wir: nie wieder soll dies geschehen!<\/p>\n\n\n\n<p>Von dieser Erfahrung berichteten wir bei der Stolpersteinverlegung unter anderem vor einer Gruppe von Sch\u00fclerinnen und Sch\u00fclern des Eschbach-Gymnasiums, der Schauspielerin Anne von der Vring, der Musikerin Rike Kohlhepp, Mitglieder der Zukunftswerkstatt Zuffenhausen e.V., die allesamt auch Beitr\u00e4ge zur Verlegung leisteten.<\/p>\n\n\n\n<p>Wir bedanken uns bei Herrn und Frau M\u00f6ller f\u00fcr den geschichtlichen Input und Frau Yurt f\u00fcr die Leitung des Projekts. Ein besonderer Dank gilt an die Klasse 7c (Schuljahr 2019\/20), die unfreiwillig an diesem Projekt teilgenommen hat und Hr. Emeling, der sich die Zeit f\u00fcr uns genommen hat, unser Projekt zu mitzugestalten.<\/p>\n\n\n\n<p><a href=\"http:\/\/www.stolperkunst.de\/erinnerung-an-familie-feigenbaum-2\/\">Erinnerung an Fam. Feigenbaum auf Stolperkunst.de<\/a><\/p>\n\n\n\n<p><strong>Berkay Celebi und Rene Derfla<\/strong><\/p>\n\n\n\n<figure class=\"wp-block-gallery columns-3 is-cropped wp-block-gallery-1 is-layout-flex wp-block-gallery-is-layout-flex\"><ul class=\"blocks-gallery-grid\"><li class=\"blocks-gallery-item\"><figure><img decoding=\"async\" src=\"https:\/\/berthavonsuttner.files.wordpress.com\/2020\/12\/20191104_093132.jpg?w=1024\" alt=\"\" data-id=\"2979\" data-link=\"https:\/\/bvs-gms.com\/20191104_093132\/\" class=\"wp-image-2979\" \/><\/figure><\/li><li class=\"blocks-gallery-item\"><figure><img decoding=\"async\" src=\"https:\/\/berthavonsuttner.files.wordpress.com\/2020\/12\/20191104_093135.jpg?w=498\" alt=\"\" data-id=\"2981\" data-link=\"https:\/\/bvs-gms.com\/20191104_093135\/\" class=\"wp-image-2981\" \/><\/figure><\/li><li class=\"blocks-gallery-item\"><figure><img decoding=\"async\" src=\"https:\/\/berthavonsuttner.files.wordpress.com\/2020\/12\/20191104_094458.jpg?w=498\" alt=\"\" data-id=\"2982\" data-link=\"https:\/\/bvs-gms.com\/20191104_094458\/\" class=\"wp-image-2982\" \/><\/figure><\/li><li class=\"blocks-gallery-item\"><figure><img decoding=\"async\" src=\"https:\/\/berthavonsuttner.files.wordpress.com\/2020\/12\/20191104_093129.jpg?w=1024\" alt=\"\" data-id=\"2983\" data-link=\"https:\/\/bvs-gms.com\/20191104_093129\/\" class=\"wp-image-2983\" \/><\/figure><\/li><\/ul><\/figure>\n\n\n\n<p><\/p>\n\n\n\n<p style=\"font-size:26px;\"><strong>Eugen Spilger<\/strong><\/p>\n\n\n\n<p>Im Geschichtsunterricht der neunten und zehnten Klasse lernen, erinnern und mahnen wir vor den Gr\u00e4ueltaten der Nationalsozialisten. Wir lernen viel \u00fcber Zahlen, Daten und Fakten \u00fcber das Geschehen und \u00fcber die Opfer, doch vor allem die Opfer bleiben f\u00fcr uns oft nur Zahlen ohne Gesichter und ohne ihre Lebensgeschichten. Um die Geschichte lebendiger zu erfahren, hat die Klasse 9a ein gro\u00dfes Theater-Projekt durchgef\u00fchrt, das als gro\u00dfer Erfolg verbucht werden kann.<\/p>\n\n\n\n<p>Um mehr \u00fcber die die Opfer der NS zu lernen und zumindest ein paar Opfern ein Gesicht zu geben, f\u00fchrte die Klasse 9a der BvS am 8. Mai 2019 ein Stra\u00dfentheater vor, dass sie \u00fcber vier Monate lang zusammen im Geschichtsunterricht mit der Schauspielerin Anne von der Vring vorbereiteten.<\/p>\n\n\n\n<p>In ihrem St\u00fcck erinnerten sie an die Geschichte des Soldaten Eugen Spilger aus Zuffenhausen, der kurz vor Kriegsende erschossen wurde. Der Grund f\u00fcr seine Ermordung war, dass er nicht mehr an einen Sieg glaubte. Somit galt er als Volksverr\u00e4ter und nur noch wenige Tage vor der Kapitulation wurde er deshalb ohne Gerichtsprozess von den Nazis erschossen.<\/p>\n\n\n\n<p>Die historische Aufarbeitung Spilgers Geschichte wurde von der Zukunftswerkstatt e.V. durchgef\u00fchrt. Anne von der Vring erstellte das passende Skript dazu und probte gemeinsam mit der 9a unter der Leitung ihrer Geschichtslehrerin Fr. Yurt.<\/p>\n\n\n\n<p>Die Auff\u00fchrung war sehr erfolgreich und wurde als ein Flashmob auf den Stra\u00dfen von Zuffenhausen, unter anderem vor dem Wohnhaus Spilgers, aufgef\u00fchrt. Bei den Proben war ein Team des SWR dabei, das einen Beitrag zum Projekt am 8. Mai 2019 ausstrahlte:<\/p>\n\n\n\n<p>Unser Dank gilt an die Schauspielerin Anne von der Vring, die geduldig und unerm\u00fcdlich mit uns geprobt hat:<\/p>\n\n\n\n<p><a href=\"https:\/\/www.theaterschachtel.de\/ueber-uns\/\">Hier geht es zur Theaterschachtel<\/a><\/p>\n\n\n\n<p>Desweiteren bedanken wir uns bei dem Stadtjugendring, insbesondere Alice Heisler, die unser Projekt finanziell im Rahmen des Bundesprogramms \u201eDemokratie leben!\u201c unterst\u00fctzt haben. &nbsp;<\/p>\n\n\n\n<p>Ein gro\u00dfer Dank gilt an Gerlinde Unrath, die voller positiver Energie uns jederzeit bei den Proben motiviert und beim Papierkram unterst\u00fctzt hat!<\/p>\n\n\n\n<p>Klasse 9a (Schuljahr 2018\/19)<\/p>\n","protected":false},"excerpt":{"rendered":"<p>Theaterprojekt in Zuffenhausen Stolpersteinverlegung f\u00fcr Familie Feigenbaum Stolpersteinverlegung f\u00fcr die Familie Feigenbaum Am 4.11.2019 wurden f\u00fcr die Familie Feigenbaum Stolpersteine in der Franklinstra\u00dfe 24 verlegt. Herr und Frau M\u00f6ller von der Zukunftswerkstatt Zuffenhausen e.V. baten uns darum am Rahmenprogramm der<\/p>\n","protected":false},"author":1,"featured_media":0,"parent":0,"menu_order":0,"comment_status":"closed","ping_status":"closed","template":"","meta":{"_monsterinsights_skip_tracking":false,"_monsterinsights_sitenote_active":false,"_monsterinsights_sitenote_note":"","_monsterinsights_sitenote_category":0,"footnotes":""},"class_list":["post-1191","page","type-page","status-publish","hentry"],"aioseo_notices":[],"_links":{"self":[{"href":"https:\/\/www.bvs-gms.de\/index.php?rest_route=\/wp\/v2\/pages\/1191","targetHints":{"allow":["GET"]}}],"collection":[{"href":"https:\/\/www.bvs-gms.de\/index.php?rest_route=\/wp\/v2\/pages"}],"about":[{"href":"https:\/\/www.bvs-gms.de\/index.php?rest_route=\/wp\/v2\/types\/page"}],"author":[{"embeddable":true,"href":"https:\/\/www.bvs-gms.de\/index.php?rest_route=\/wp\/v2\/users\/1"}],"replies":[{"embeddable":true,"href":"https:\/\/www.bvs-gms.de\/index.php?rest_route=%2Fwp%2Fv2%2Fcomments&post=1191"}],"version-history":[{"count":0,"href":"https:\/\/www.bvs-gms.de\/index.php?rest_route=\/wp\/v2\/pages\/1191\/revisions"}],"wp:attachment":[{"href":"https:\/\/www.bvs-gms.de\/index.php?rest_route=%2Fwp%2Fv2%2Fmedia&parent=1191"}],"curies":[{"name":"wp","href":"https:\/\/api.w.org\/{rel}","templated":true}]}}